{"id":77,"date":"2016-12-08T12:04:33","date_gmt":"2016-12-08T12:04:33","guid":{"rendered":"http:\/\/betatest.weplanag.ch\/?page_id=77"},"modified":"2019-02-08T13:12:40","modified_gmt":"2019-02-08T12:12:40","slug":"partner","status":"publish","type":"page","link":"https:\/\/weplanag.ch\/?page_id=77","title":{"rendered":"Partner"},"content":{"rendered":"<p><strong>Partner <\/strong><\/p>\n<p>Mit unseren Partnern k\u00f6nnen wir Ihnen diverse zus\u00e4tzliche Leistungen aus einer Hand anbieten. Unsere gemeinsame Infrastruktur erm\u00f6glicht es uns Synergien zu nutzen, sowie effizient und flexibel zu agieren.<\/p>\n<p><img loading=\"lazy\" decoding=\"async\" class=\"alignnone wp-image-382 size-medium\" src=\"https:\/\/weplanag.ch\/wp-content\/uploads\/2018\/01\/Hauspartner-2-300x70.png\" alt=\"\" width=\"300\" height=\"70\" srcset=\"https:\/\/weplanag.ch\/wp-content\/uploads\/2018\/01\/Hauspartner-2-300x70.png 300w, https:\/\/weplanag.ch\/wp-content\/uploads\/2018\/01\/Hauspartner-2-768x180.png 768w, https:\/\/weplanag.ch\/wp-content\/uploads\/2018\/01\/Hauspartner-2-1024x240.png 1024w\" sizes=\"auto, (max-width: 300px) 100vw, 300px\" \/><\/p>\n<p><a href=\"http:\/\/vdplaettli.com\"><img loading=\"lazy\" decoding=\"async\" class=\"alignnone wp-image-381 size-medium\" src=\"https:\/\/weplanag.ch\/wp-content\/uploads\/2018\/01\/VD-Pl\u00e4ttli-2-300x78.png\" alt=\"\" width=\"300\" height=\"78\" srcset=\"https:\/\/weplanag.ch\/wp-content\/uploads\/2018\/01\/VD-Pl\u00e4ttli-2-300x78.png 300w, https:\/\/weplanag.ch\/wp-content\/uploads\/2018\/01\/VD-Pl\u00e4ttli-2-768x201.png 768w, https:\/\/weplanag.ch\/wp-content\/uploads\/2018\/01\/VD-Pl\u00e4ttli-2-1024x268.png 1024w\" sizes=\"auto, (max-width: 300px) 100vw, 300px\" \/><\/a><\/p>\n<p><a href=\"https:\/\/faehrhof.ch\"><img loading=\"lazy\" decoding=\"async\" class=\"alignnone wp-image-314 size-medium\" src=\"https:\/\/weplanag.ch\/wp-content\/uploads\/2016\/12\/Faehrhof-logo-1-e1510824065391-300x84.jpg\" alt=\"\" width=\"300\" height=\"84\" srcset=\"https:\/\/weplanag.ch\/wp-content\/uploads\/2016\/12\/Faehrhof-logo-1-e1510824065391-300x84.jpg 300w, https:\/\/weplanag.ch\/wp-content\/uploads\/2016\/12\/Faehrhof-logo-1-e1510824065391-768x215.jpg 768w, https:\/\/weplanag.ch\/wp-content\/uploads\/2016\/12\/Faehrhof-logo-1-e1510824065391-1024x286.jpg 1024w, https:\/\/weplanag.ch\/wp-content\/uploads\/2016\/12\/Faehrhof-logo-1-e1510824065391.jpg 1473w\" sizes=\"auto, (max-width: 300px) 100vw, 300px\" \/><\/a><\/p>\n","protected":false},"excerpt":{"rendered":"<p>Partner Mit unseren Partnern k\u00f6nnen wir Ihnen diverse zus\u00e4tzliche Leistungen aus einer Hand anbieten. Unsere gemeinsame Infrastruktur erm\u00f6glicht es uns Synergien zu nutzen, sowie effizient und flexibel zu agieren.<\/p>\n","protected":false},"author":1,"featured_media":0,"parent":0,"menu_order":0,"comment_status":"closed","ping_status":"closed","template":"","meta":{"footnotes":""},"class_list":["post-77","page","type-page","status-publish","hentry"],"_links":{"self":[{"href":"https:\/\/weplanag.ch\/index.php?rest_route=\/wp\/v2\/pages\/77","targetHints":{"allow":["GET"]}}],"collection":[{"href":"https:\/\/weplanag.ch\/index.php?rest_route=\/wp\/v2\/pages"}],"about":[{"href":"https:\/\/weplanag.ch\/index.php?rest_route=\/wp\/v2\/types\/page"}],"author":[{"embeddable":true,"href":"https:\/\/weplanag.ch\/index.php?rest_route=\/wp\/v2\/users\/1"}],"replies":[{"embeddable":true,"href":"https:\/\/weplanag.ch\/index.php?rest_route=%2Fwp%2Fv2%2Fcomments&post=77"}],"version-history":[{"count":13,"href":"https:\/\/weplanag.ch\/index.php?rest_route=\/wp\/v2\/pages\/77\/revisions"}],"predecessor-version":[{"id":472,"href":"https:\/\/weplanag.ch\/index.php?rest_route=\/wp\/v2\/pages\/77\/revisions\/472"}],"wp:attachment":[{"href":"https:\/\/weplanag.ch\/index.php?rest_route=%2Fwp%2Fv2%2Fmedia&parent=77"}],"curies":[{"name":"wp","href":"https:\/\/api.w.org\/{rel}","templated":true}]}}